a**3 - 5*a**2 - 6*a - 4. Calculate s(6).
-4
Let p(f) = -f**2 + 12*f + 9. Calculate p(10).
29
Let l(z) = -z**3 + 5*z**2 - 5*z + 14. What is l(4)?
10
Let i(c) = 6*c + 4. Give i(-4).
-20
Let w(d) = d**2 - 13*d - 2. Determine w(14).
12
Let r(x) = -x**3 + 6*x**2 - x + 4. What is r(4)?
32
Let n(i) = 16*i - 122. Give n(8).
6
Let o(s) = 3*s**2 + 22*s. Determine o(-7).
-7
Let m(f) = 36*f**3 - f**2 + f. What is m(1)?
36
Let a(p) = p - 19. Calculate a(7).
-12
Let s(x) = -x**2 - 2*x + 24. Calculate s(5).
-11
Let r(w) = -w - 10. What is r(2)?
-12
Let v(j) = 5*j + 1. What is v(-1)?
-4
Let y(x) = 7*x + 313. Determine y(-45).
-2
Let a(h) = h**3 - 15*h**2 + 7*h + 43. Calculate a(14).
-55
Let s(h) = h**3 - 29*h**2 - 65*h + 72. Give s(31).
-21
Let d(o) = 39*o**2 - 2*o + 2. Give d(1).
39
Let i(f) = -f**3 - 5*f**2 - 3*f - 2. Give i(-3).
-11
Let h(o) = o - 12. Calculate h(9).
-3
Let g(y) = -2*y**2 - 81*y + 615. What is g(-47)?
4
Let x(d) = -d**3 - 9*d**2 - d - 2. Determine x(-9).
7
Let y(b) = 6*b - 28. What is y(6)?
8
Let r(u) = -2*u**3 + 2*u**2 + 2*u + 1. Determine r(-2).
21
Let t(m) = -m**2 + 12*m - 2. Determine t(6).
34
Let k(z) = z**3 + 4*z**2 + z + 2. Give k(-4).
-2
Let r(b) = -9*b - 403. Determine r(-45).
2
Let w(i) = -i**2 + 131*i + 403. What is w(-3)?
1
Let w(p) = p**3 - 14*p**2 - 1. Determine w(14).
-1
Let t(q) = -q**2 - 5*q + 70. Determine t(7).
-14
Let r(t) = -t**2 - 20*t - 72. Give r(-15).
3
Let l(j) = -5*j + 48. What is l(8)?
8
Let u(n) = -n**2 + 5*n + 15. Give u(-2).
1
Let j(m) = -m**3 + 13*m**2 + 16*m - 13. Calculate j(14).
15
Let i(f) = 6*f + 4. Determine i(-2).
-8
Let a(r) = 2*r**2 + 11*r + 9. Determine a(-5).
4
Let d(b) = b**2 + 9*b - 8. What is d(-8)?
-16
Let o(a) = 25*a - 170. Calculate o(7).
5
Let t(n) = n**3 - 10*n**2 + 10*n + 8. Calculate t(9).
17
Let g(z) = 2*z**3 + 45*z**2 + 19*z - 78. Calculate g(-22).
-12
Let v(a) = a**3 - 5*a**2 - 23*a - 12. Determine v(8).
-4
Let l(z) = 4*z**2 - 41*z - 7. Calculate l(11).
26
Let v(q) = q**3 + q**2 + q + 3. What is v(0)?
3
Let j(r) = 15*r + 281. What is j(-18)?
11
Let x(t) = -t**3 + 4*t**2 - 2*t - 1. Calculate x(4).
-9
Let h(d) = -3*d - 106. What is h(-23)?
-37
Let p(n) = -n**3 + n**2 - 17*n + 5. Give p(0).
5
Let h(r) = -r**2 + 76*r - 219. What is h(3)?
0
Let s(w) = 3*w**2 + 8*w - 5. Calculate s(-5).
30
Let n(c) = c + 19. Determine n(-6).
13
Let r(h) = 2*h**3 + 26*h**2 - 31*h - 35. Calculate r(-14).
7
Let p(z) = z**3 + 15*z**2 - 41*z - 116. What is p(-17)?
3
Let r(x) = -x**3 - 8*x**2 + 11*x + 4. Give r(-9).
-14
Let g(i) = -20*i + 22. Give g(5).
-78
Let f(y) = y**2 - 7*y - 3. Calculate f(4).
-15
Let s(p) = -42*p**2 - p. Determine s(-1).
-41
Let b(c) = 19*c**2 + 115*c + 4. Give b(-6).
-2
Let j(d) = d**3 + 28*d**2 - 28*d + 19. What is j(-29)?
-10
Let p(q) = q**3 - 11*q**2 - 16*q + 45. Calculate p(12).
-3
Let y(g) = -g**3 + 20*g**2 + 19*g + 29. Give y(21).
-13
Let p(z) = z**3 - 6*z**2 - 11*z + 7. What is p(7)?
-21
Let g(p) = -p**3 - 14*p**2 + 13*p - 30. Determine g(-15).
0
Let a(s) = s**3 + 6*s**2 + s - 5. What is a(-6)?
-11
Let r(n) = n**2 + 4*n - 43. Determine r(5).
2
Let c(d) = d - 21. Determine c(20).
-1
Let b(k) = -8*k**3 - k**2. Determine b(1).
-9
Let d(y) = y**3 + 7. Determine d(0).
7
Let d(g) = g**2 + 11*g + 6. Determine d(-7).
-22
Let n(r) = r**2 - 13*r - 6. Give n(14).
8
Let l(n) = -61*n + 480. Give l(8).
-8
Let a(j) = j**3 + 9*j**2 - 23*j + 26. Give a(-11).
37
Let r(d) = -d**3 + 3*d**2 + 5*d - 1. Give r(3).
14
Let f(s) = 31*s - 139. Determine f(5).
16
Let w(z) = -z**2 + 6*z + 6. Calculate w(7).
-1
Let v(o) = -o**2 - o - 97. Give v(0).
-97
Let c(w) = -w**3 + 12*w**2 - 4*w + 14. Calculate c(11).
91
Let g(x) = -7*x - 5. Calculate g(-2).
9
Let k(g) = -g**2 + 29*g - 41. Determine k(28).
-13
Let r(n) = 68*n**2 - n + 1. What is r(1)?
68
Let s(b) = -6*b + 3. Determine s(-6).
39
Let q(p) = -12*p + 148. Give q(14).
-20
Let s(n) = -6*n + 51. Calculate s(-11).
117
Let r(i) = i**2 - 43*i + 117. Calculate r(40).
-3
Let k(f) = -31*f**2 + 5*f - 4. Determine k(2).
-118
Let z(v) = v**2 - 14*v - 78. What is z(19)?
17
Let y(d) = d**2 + 7*d + 2. Give y(-4).
-10
Let b(w) = w**3 - 15*w**2 + 16*w - 19. Determine b(14).
9
Let g(i) = i**3 + 4*i**2 + 1. Calculate g(-4).
1
Let h(q) = q**2 + 8*q + 32. What is h(-7)?
25
Let m(f) = -f**2 - 10*f + 14. Determine m(-13).
-25
Let v(b) = b - 57. Give v(10).
-47
Let s(w) = 2*w**3 + 5*w**2 - 5*w - 3. Calculate s(-3).
3
Let v(k) = -11*k**2 - 5*k + 13. What is v(4)?
-183
Let o(w) = -w**3 - 2*w**2 + 2*w. Give o(-2).
-4
Let n(g) = -g**2 - 53*g + 484. Determine n(8).
-4
Let c(b) = 7*b**2 + 1. What is c(1)?
8
Let c(x) = 2*x**3 - 2*x**2 - 4*x + 3. Give c(3).
27
Let x(h) = -8*h**2 + 10*h + 2. Determine x(2).
-10
Let f(a) = a**2 - 21*a + 20. Determine f(20).
0
Let n(f) = f**2 + 9*f + 38. What is n(-11)?
60
Let z(j) = -j**3 + j**2 + 4*j - 4. Give z(3).
-10
Let x(f) = 13*f - 4. Calculate x(-5).
-69
Let a(b) = 12*b - 325. What is a(27)?
-1
Let w(n) = n**2 - n + 8. What is w(0)?
8
Let x(n) = n**2 + 11*n - 5. Determine x(-12).
7
Let m(c) = -2*c + 9. Determine m(4).
1
Let q(f) = f**3 - 12*f**2 + 21*f + 2. Give q(10).
12
Let i(f) = f**3 - 4*f**2 - 3. What is i(4)?
-3
Let p(u) = u**3 + 19*u**2 + 18*u + 6. Calculate p(-18).
6
Let h(o) = o. Give h(-11).
-11
Let o(c) = 2*c**3 - 4*c**2 - 2*c + 5. Calculate o(2).
1
Let f(c) = 2*c**2 + 8*c - 6. Calculate f(-7).
36
Let k(r) = r**3 + 10*r**2 + 9*r - 9. Give k(-9).
-9
Let w(b) = -b**3 - 10*b**2 - 10*b - 4. Give w(-9).
5
Let s(i) = 3*i**2 + 5*i + 12. Determine s(5).
112
Let k(b) = -4*b + 15. Calculate k(12).
-33
Let a(t) = 57*t**2 + 1. Give a(-1).
58
Let n(t) = -4*t - 33. Calculate n(-8).
-1
Let j(z) = -z**3 - 12*z**2 - 10*z + 11. What is j(-11)?
0
Let o(i) = 2*i - 15. What is o(9)?
3
Let k(l) = 19*l - 71. Give k(6).
43
Let z(j) = -12*j - 15. Calculate z(-9).
93
Let m(y) = -4*y - 10. Give m(3).
-22
Let p(u) = u**2 + 7*u - 17. Give p(-5).
-27
Let t(f) = -f**2 - 19*f - 85. Determine t(-11).
3
Let i(p) = p**3 + 4*p**2 + 2*p + 9. Calculate i(-4).
1
Let n(m) = m**2 - 4*m. Give n(2).
-4
Let m(h) = h + 37. What is m(5)?
42
Let o(v) = -5*v**2 + 6*v + 19. Calculate o(-3).
-44
Let m(t) = t + 5. What is m(6)?
11
Let p(k) = -k**3 - 8*k**2 + 21*k - 10. What is p(-10)?
-20
Let q(t) = -t**3 - 11*t**2 - 27*t + 11. What is q(-6)?
-7
Let s(m) = -m**3 + 9*m**2 + 24. What is s(9)?
24
Let k(p) = -13*p + 44. Calculate k(3).
5
Let w(i) = -i**3 + 20*i**2 + 47*i - 21. Give w(22).
45
Let b(j) = j**3 - 3*j**2 - 9*j + 22. Calculate b(4).
2
Let o(i) = -4*i**2 - i + 3. What is o(2)?
-15
Let q(c) = c**3 + 5*c**2 - 28*c - 136. Determine q(-6).
-4
Let z(i) = -26*i - 8. Give z(0).
-8
Let t(o) = -o**3 + 50*o**2 - 457*o + 31. What is t(38)?
-7
Let x(u) = 3*u**3 - 3*u**2 + 1. Calculate x(-2).
-35
Let n(g) = -g**3 + 4*g**2 - g - 7. What is n(5)?
-37
Let l(v) = 4*v - 27. Determine l(6).
-3
Let h(b) = -b**3 - 7*b**2 - 4*b + 8. Determine h(-6).
-4
Let m(z) = 2*z**2 - 61*z + 40. Give m(28).
-100
Let x(g) = -30*g**2 - g. Calculate x(1).
-31
Let d(i) = i**3 - 15*i**2 + 16*i - 27. Calculate d(14).
1
Let j(f) = 41*f + 1. Determine j(-1).
-40
Let d(r) = 3*r + 96. Determine d(-22).
30
Let p(f) = -9*f - 3. Determine p(4).
-39
Let k(t) = -3*t + 2. Determine k(3).
-7
Let a(b) = -b**3 + 10*b**2 - 6*b - 8. What is a(9)?
19
Let l(c) = -8*c - 10. Determine l(-5).
30
Let g(o) = o**2 + 11*o + 6. Calculate g(-13).
32
Let b(y) = -y**2 + 11*y - 13. What is b(8)?
11
Let z(b) = -40*b + 6. What is z(2)?
-74
Let z(t) = 3*t - 12. What is z(7)?
9
Let r(m) = -m**3 - 39*m**2 + 41*m + 38. Give r(-40).
-2
Let o(d) = -d**3 - 10*d**2 - 12*d - 12. What is o(-9)?
15
Let v(q) = 5*q + 169. Give v(-34).
-1
Let j(t) = t**2 + 5*t + 4. Give j(-3).
-2
Let d(r) = -2*r - 2. Calculate d(-5).
8
Let i(m) = 7*m + 107. Determine i(-16).
-5
Let r(x) = 2*x**2 + 17*x - 7. Calculate r(-9).
2
Let k(p) = -9*p**3 + 216*p**2 - 2*p + 48. What is k(24)?
0
Let h(d) = d**3 - 6*d**2 - 9*d + 9. Determine h(7).
-5
Let y(q) = q**2 - 29*q + 104. Determine y(25).
4
Let k(c) = -18*c**2 - 2*c + 1. Give k(1).
-19
Let d(g) = -g**3 - g**2 + 4*g + 4. Calculate d(-3).
10
Let r(v) = 2*v**3 + v**2 - 3*v - 3. What is r(-3)?
-39
Let g(w) = -10*w**3 + 2*w**2 - w - 1. What is g(1)?
-10
Let b(c) = -5*c + 5. Calculate b(-1).
10
Let l(c) = c**2 - 2*c - 20. Give l(6).
4
Let b(